 - u. What is the units digit of y(n)?
4
Let y(i) be the third derivative of i**5/60 + i**4/4 + i**3 - 2*i**2. Let q be y(-4). What is the units digit of (-4)/(2/q - 1)?
2
Let s(m) = 7*m**2 - 5*m. What is the units digit of s(5)?
0
Let v = -4 - -6. Let b be 5/2*v - 1. What is the units digit of b/18 - 21/(-27)?
1
Let a be 18/(-4 - -2)*-1. Let s = 0 - 3. Let q = s + a. What is the units digit of q?
6
Let l = -42 + 71. What is the tens digit of l + 1 + (-3)/1?
2
Let x(h) = -h**2 - 9*h + 3. Let b = 4 - 12. What is the tens digit of x(b)?
1
Suppose 0 = 5*v + 5*i + 5, -4*v - i - 1 = -0*i. Suppose v*d + 48 = -2*d. Let q = -14 - d. What is the tens digit of q?
1
Let b = -24 - -10. What is the tens digit of 48*(-3 + b/(-4))?
2
Let u = 0 - 0. Let y(t) = t**2 - t + 8. What is the units digit of y(u)?
8
Let m = -741 - -1073. What is the tens digit of m?
3
Let v be 2/(-9) - (-74)/9. Let b(u) = -5*u - 2. Let x be b(-2). What is the units digit of (x/10)/(v/100)?
0
Suppose w + 32 = 3*c - 62, c + 3*w - 28 = 0. Suppose -4*s + 25 + c = 0. What is the units digit of s?
4
Suppose -z = 2*z - 18. Let b(k) = -k**3 - 7*k**2 - 9*k - 6. Let y be b(-6). Let h = y - z. What is the units digit of h?
6
Suppose -3*s = -s - 10. Suppose -2*a - 80 = -5*h + 3*a, -68 = -s*h - a. What is the tens digit of h?
1
Let l = 55 + -41. What is the tens digit of l?
1
Suppose 4*d - 5*b + 16 = 6*d, -5*d + 25 = 5*b. Suppose -m = 2*r - 8, -4*m + d*r + 44 = -r. What is the units digit of m?
0
Let d = 53 - 29. Let r = d + -8. Suppose -3*w - r = -7*w. What is the units digit of w?
4
Let j(b) = -b**2 - 8*b + 9. Let r = -23 + 13. Let c be ((-8)/r)/(3/(-30)). What is the units digit of j(c)?
9
Suppose 4*h = -2*w + 102, 4*w + h - 3*h = 254. What is the tens digit of w?
6
Suppose -4*m - 4*o + 68 = 0, 3*m + 4 = 2*o + 40. Suppose 5*f - 26 - m = -3*b, 29 = 4*f + 3*b. Let j = 22 - f. What is the tens digit of j?
1
Let k(j) = 15*j**2 - 6*j + 5. What is the units digit of k(3)?
2
Suppose 42 = 3*a - 15. What is the units digit of a?
9
Let s(p) = p**3 + p**2 + p + 13. Let g be s(0). Suppose 4*t + 3*m - 25 = 14, -3*t = -m - g. What is the units digit of 12 - t/(6/2)?
0
What is the units digit of 15/45 - (-179)/3?
0
Let j = 7 - 4. Suppose -z - 100 = -j*r, -4*r + 2*r - 5*z + 95 = 0. What is the tens digit of r?
3
Let f(h) = -h**2 + 9*h - 3. Suppose 6*k = 2*k, 2*r = -4*k + 12. What is the units digit of f(r)?
5
Let a = 11 - 8. Suppose -a*u - 25 = 4*y, -34 = 4*u + u - y. Let c = 0 - u. What is the units digit of c?
7
Suppose -x + n + 2*n = -53, 5*x + 3*n - 319 = 0. What is the tens digit of x - (3 + 1 + 0)?
5
Suppose -f + 99 = 22. What is the tens digit of f?
7
Let c be 8/(-12) + 35/3. Let h be (c - 5)/((-3)/2). What is the units digit of 18/h*(-16)/12?
6
What is the units digit of 54*(-3 + (-28)/(-8))?
7
Let z = 5 + -2. Suppose l = -z*l + 24. What is the units digit of l?
6
Let s(g) = g**3 + 1. Let z be s(2). Let u(q) = -q**3 - 7 + 2*q - 3 + q + 0*q**3 + 9*q**2. What is the units digit of u(z)?
7
Let b = -55 + 101. What is the tens digit of b?
4
Suppose 0*g + g + 20 = 0. Let l = g + 35. What is the units digit of l?
5
Let t = 68 - 35. Let g = t - 18. What is the tens digit of g?
1
Suppose -3*l - 2*l + 140 = 0. What is the tens digit of l?
2
Let i be (-2)/5 + (-14)/(-35). Suppose 4*o + q - 27 = i, 2*o - 24 = -o - 2*q. What is the units digit of o?
6
Suppose 0 = h + 2 - 4. Suppose h*k - 4*k = -26. What is the units digit of k?
3
What is the units digit of (3 - (-1 + -7))*(-108)/(-12)?
9
Suppose -8*g + 25*g - 1547 = 0. What is the tens digit of g?
9
Let n = 17 + -13. Suppose 0 = n*z - 5*h - 161, -3*h + h = 3*z - 92. What is the units digit of z?
4
Let r = -1 - -1. Suppose g + g = r. What is the units digit of g - (-3)/(9/39)?
3
Suppose 3*x = -27 - 12. Let d be 4 - 1 - (-19 + 6 + -2). Let f = d + x. What is the units digit of f?
5
Let d(f) = 3*f - 3. What is the tens digit of d(16)?
4
Let l = 6 + 5. Let a = 12 - l. What is the units digit of a?
1
Suppose 4*d = 5*x - d - 45, 3*x + 5*d = 3. Suppose x*t - 70 = t. What is the tens digit of t?
1
Let g = -10 - -14. Suppose -g - 8 = -q. What is the tens digit of q?
1
Suppose 4*a + 0 + 5 = 3*o, -2*a = 2*o - 8. Suppose -m = 3 - a, -4*u + 5*m + 58 = 0. What is the units digit of u?
2
Let l = 14 + -31. Let g = l + 29. What is the units digit of g?
2
Let g(v) = -1 + 7*v**2 - 15*v - 10 - 2*v**3 + 4*v. Let r(k) = -5*k**3 + 21*k**2 - 32*k - 32. Let l(b) = 8*g(b) - 3*r(b). What is the units digit of l(-8)?
8
Let l(j) = -j**2 + 1. Let x be l(-2). Let t be x*(2 + (-8)/3). Suppose 4*u - t*u - 2 = 0. What is the units digit of u?
1
Let k(u) = u**3 + 10*u**2 - 10*u + 12. Let x be k(-11). Let v(m) = 20*m**2 - m. What is the units digit of v(x)?
9
Let i(h) be the second derivative of -4*h**3/3 - 4*h**2 - 2*h. Let d(m) = 3*m + 3. Let f(s) = 14*d(s) + 5*i(s). What is the units digit of f(2)?
6
Let y(p) = -p**3 + 5*p**2 - 6*p - 3. Let s(f) = -4*f**3 + 14*f**2 - 18*f - 9. Let u(o) = 2*s(o) - 7*y(o). What is the units digit of u(-8)?
9
Let l(h) be the second derivative of h**4/12 - h**3/6 - 2*h**2 + h. Let o be l(4). What is the units digit of 34/o - 3/12?
4
Let r(j) = -2*j**3 - j**2 - 2*j - 1. Suppose -4*t - 20 = -4*w, 5*t + 3*w + 27 = 6*w. Let c be (t/15)/((-1)/(-5)). What is the tens digit of r(c)?
1
Let v(b) = -b**3 + 5*b**2 + 2*b - 3. Suppose -4*h - 2*n + 19 = 3, 4*n = 0. What is the tens digit of v(h)?
2
Suppose 0 = 3*s + s - 72. Suppose 4*h - 6 = s. What is the units digit of h?
6
Suppose -5*w = -3*y - 16, 6*w - 12 = 4*w + 4*y. Let c = 4 - w. Suppose 8 = -c*g + 24. What is the units digit of g?
8
Let t be 9/(-12)*1*-4. Suppose -4*a - 8 = t*x, -4*x - 10 + 46 = -4*a. Suppose x*k - 1 = 7. What is the units digit of k?
2
What is the units digit of 6/12*-2 + (286 - -1)?
6
Let c be 2/(-10) - 82/(-10). Let u(y) = y + 1. What is the units digit of u(c)?
9
What is the units digit of 4/5 + (-1632)/(-60)?
8
Let b(v) = -v**2 - 6*v - 6. Let g(y) = y + 1. Let x(o) = -b(o) - 3*g(o). Let i be -3 + (-2)/(2/1). What is the units digit of x(i)?
7
Let o(a) = a**3 - 4*a**2 - 3*a + 10. What is the units digit of o(5)?
0
Let n = -11 - -30. Suppose 4 - n = -5*k. Suppose -3*b + k + 6 = 0. What is the units digit of b?
3
Suppose r - 4*r + h = -15, -h - 27 = -5*r. Let i = -2 - -2. Suppose w - 11 - r = i. What is the tens digit of w?
1
Let o = -18 - -30. Suppose 3*b - o = 24. What is the tens digit of b?
1
Let c = -8 - -7. What is the units digit of (-685)/(-20) - c/(-4)?
4
Suppose 0 = -j - 3 + 2. Let c(b) = -6*b - 1. Let m be c(j). What is the units digit of ((-4)/(-5))/(1/m)?
4
Let a(r) = 2*r + 5. Let c be a(-8). Let g = 0 - c. What is the units digit of g?
1
Let p = -8 - -8. Suppose p = 3*m - 4*n - 62, -5*m + 2*n + 82 = 6*n. What is the units digit of m?
8
Let b(z) = 4*z**2 - 1. Suppose -3*l - 11 = 4*y, 0*l + 2*l + 5 = -5*y. What is the units digit of b(y)?
3
Let k(u) = u**2 + 2*u. Let d be k(-3). Suppose -d*n + w = -11 - 0, 9 = -3*n - 3*w. Suppose 3*i + 4*q = 5, n*i - q - 11 = i. What is the units digit of i?
7
What is the units digit of 32/24*165/2?
0
Let o = -155 + 221. Let p = -39 + o. What is the tens digit of p?
2
Let s be (-2)/(((-8)/21)/(-4)). Let n = s + 48. What is the units digit of n?
7
Let c = -1 + 6. Suppose -3*b + 52 = b. Let v = b - c. What is the units digit of v?
8
Let l = -9 + 7. What is the tens digit of 23/4*(-8)/l?
2
Suppose 3*c + 2*c = 0. Let u(v) = v + 8. Let r be u(-3). Let j = r - c. What is the units digit of j?
5
Let a be (-1 + 2)*(4 - -7). Suppose -2*g = a - 31. What is the units digit of g?
0
Suppose 5*z - 4*o = z + 16, -z - 2 = 2*o. Suppose 7*y = 4*y - 2*s + 22, 3*s = z*y + 7. What is the units digit of y?
4
Let h be 16/(-24) + 145/(-3). Let r = h - -74. What is the tens digit of r?
2
Let x(z) = z**2 - 17*z + 9. Let p be x(12). Let t = -34 - p. What is the units digit of t?
7
What is the units digit of 1386/7 - (-4 + 0 + 2)?
0
Let f(d) be the first derivative of d**4/4 + 2*d**3/3 - d + 3. What is the units digit of f(1)?
2
Suppose c + 3*c + 10 = -2*j, -3*c - 4*j - 5 = 0. What is the units digit of (3/(-3))/(c/24)?
8
Let b(r) be the third derivative of -r**4/8 - r**3/6 - 2*r**2. Let d = -3 + 1. What is the units digit of b(d)?
5
Let i = 7 + 9. What is the tens digit of i?
1
S